{"id":3967,"date":"2018-02-06T15:19:22","date_gmt":"2018-02-06T15:19:22","guid":{"rendered":"http:\/\/www.parnes.com\/blog\/?page_id=3967"},"modified":"2018-02-06T15:35:14","modified_gmt":"2018-02-06T15:35:14","slug":"peter-parnes","status":"publish","type":"page","link":"https:\/\/www.parnes.com\/blog\/index.php\/peter-parnes\/","title":{"rendered":"Peter Parnes"},"content":{"rendered":"<h1><span style=\"font-weight: 400;\"><a href=\"http:\/\/www.parnes.com\/wordpress\/wp-content\/uploads\/2016\/11\/PeterParnes.jpg\"><img loading=\"lazy\" decoding=\"async\" class=\"size-medium wp-image-3604 alignleft\" src=\"http:\/\/www.parnes.com\/wordpress\/wp-content\/uploads\/2016\/11\/PeterParnes-225x300.jpg\" alt=\"\" width=\"225\" height=\"300\" srcset=\"https:\/\/www.parnes.com\/wordpress\/wp-content\/uploads\/2016\/11\/PeterParnes-225x300.jpg 225w, https:\/\/www.parnes.com\/wordpress\/wp-content\/uploads\/2016\/11\/PeterParnes-768x1023.jpg 768w, https:\/\/www.parnes.com\/wordpress\/wp-content\/uploads\/2016\/11\/PeterParnes-769x1024.jpg 769w, https:\/\/www.parnes.com\/wordpress\/wp-content\/uploads\/2016\/11\/PeterParnes.jpg 1538w\" sizes=\"auto, (max-width: 225px) 100vw, 225px\" \/><\/a>Professor Peter Parnes, PhD &#8211; Parnes Labs AB<\/span><span style=\"font-weight: 400;\"><br \/>\n<\/span><\/h1>\n<p>Peter Parnes. Kreativ motor, professor, entrepren\u00f6r, programmerare, f\u00f6rel\u00e4sare, utredare och konsult.<\/p>\n<p><span style=\"font-weight: 400;\">Peter Parnes \u00e4r professor sedan 2010 vid Lule\u00e5 tekniska universitet inom omr\u00e5det Distribuerade datorsystem och arbetar med forskning runt IT i skolan samt nya interaktionsformer med datorer. Peter \u00e4r en professor med intresse f\u00f6r ny teknik och hur denna teknik kan till\u00e4mpas i samh\u00e4llet f\u00f6r att underl\u00e4tta och g\u00f6ra v\u00e5r vardag b\u00e4ttre. Peter har ocks\u00e5 en stark bakgrund inom kommersialisering av forskningsresultat och driver idag flera egna f\u00f6retag. Peter brinner f\u00f6r att f\u00e5nga och st\u00f6dja ungas intresse f\u00f6r teknik och IT och \u00e4r aktiv f\u00f6rel\u00e4sare samt workshopledare inom detta omr\u00e5de. Tidigare har Peter grundat Marratech, 1998 som skapade en av v\u00e4rldens f\u00f6rsta s\u00e4kra IP-baserade videokonferenssystem som fungerade p\u00e5 flera olika plattformar inklusive mobila enheter. Marratechs teknik s\u00e5ldes till Google 2007 d\u00e4r Peter sedan arbetade som utvecklingschef f\u00f6r Google Sverige fram till 2009. \u00a0<\/span><\/p>\n<p><span style=\"font-weight: 400;\">Peter arbetar med utveckling av grundutbildning runt civil- och h\u00f6gskoleingenj\u00f6rsutbildningar inom datateknik vid Lule\u00e5 tekniska universitet samt \u00e4r en professor som engagerar sig ut utveckling av utbildningsprogram. Peter har \u00e4ven tidigare agerat utv\u00e4rderare \u00e5t UK\u00c4 inom utv\u00e4rdering av IT-relaterade utbildningar. <\/span><\/p>\n<p><span style=\"font-weight: 400;\">Peter har de senaste \u00e5ren arbetat med fr\u00e5gor runt digitalisering i skolan inom olika forsknings- och inspirationsprojekt tillsammans med flera olika skolhuvudm\u00e4n. Peter arbetar \u00e4ven som expert \u00e5t Skolverket med att ta fram nya l\u00e4roplaner och kurser runt digitalisering och programmering i skolan. <\/span><\/p>\n<p><span style=\"font-weight: 400;\">J\u00e4mst\u00e4lldhet inom IT-omr\u00e5det \u00e4r en viktig fr\u00e5ga f\u00f6r Peter som 2014 startade projektet #include med m\u00e5l att \u00f6ka unga tjejers och kvinnors intresse f\u00f6r IT f\u00f6r att f\u00e5 en mer j\u00e4mst\u00e4lld IT-bransch. P\u00e5 sin fritid driver Peter \u00e4ven <a href=\"http:\/\/www.luleamakerspace.se\/\">Lule\u00e5 Makerspace<\/a> sedan 2013, en ideell f\u00f6rening f\u00f6r att fr\u00e4mja teknikintresse och skapande hos medborgare i alla \u00e5ldrar. \u00a0<\/span><\/p>\n<p><span style=\"font-weight: 400;\">Peters utbildning inkluderar Civ.Ing. Datateknik 1990-1995, PhD Datalogi 1999 samt Docent Medieteknik 2004. Peter innehar 6 patent inom IT-omr\u00e5det, har publicerat mer \u00e4n 75 publikationer och har lett ett stort antal forskningsprojekt sedan 1995. Peter har \u00e4ven arbetat som expert \u00e5t Vinnova under m\u00e5nga \u00e5r samt arbetat i USA, Silicon Valley 1996 och \u00e4r en aktiv r\u00e5dgivare \u00e5t entrepren\u00f6rer. \u00a0\u00a0\u00a0<\/span><\/p>\n<p><span style=\"font-weight: 400;\">Peter utn\u00e4mndes i maj 2015 till \u00e5rets IT-Norrbottning f\u00f6r sitt engagemang i att \u00f6ka ungas intresse f\u00f6r IT och unga tjejer specifikt och har tidigare f\u00e5tt flera utm\u00e4rkelser f\u00f6r sin forskning och engagemang. Peter \u00e4r ocks\u00e5 r\u00e5dgivare \u00e5t Kodcentrum, fd styrelsemedlem SUNET, ordf\u00f6rande f\u00f6r Tekniska Museets forskningsr\u00e5d, medlem i Vetenskapsr\u00e5det utbildningsvetenskapliga kommitt\u00e9 samt en popul\u00e4r publik f\u00f6rel\u00e4sare \u00e5t t.ex. Ber\u00e4ttarministeriet, Folkuniversitetet, Folkh\u00f6gskolan med mera. <\/span><span style=\"font-weight: 400;\"><br \/>\n<\/span><\/p>\n<p><span style=\"font-weight: 400;\">Ni hittar mer information om Peter Parnes h\u00e4r:<br \/>\n<\/span><\/p>\n<p><span style=\"font-weight: 400;\">Lule\u00e5 tekniska universitet. : <\/span><a href=\"http:\/\/www.ltu.se\/staff\/p\/peppar-1.11446\"><span style=\"font-weight: 400;\">http:\/\/www.ltu.se\/staff\/p\/peppar-1.11446<\/span><\/a><\/p>\n<p><span style=\"font-weight: 400;\">Blog: <\/span><a href=\"https:\/\/www.parnes.com\/blog\/\"><span style=\"font-weight: 400;\">https:\/\/www.parnes.com\/blog\/<\/span> <\/a><\/p>\n<p><span style=\"font-weight: 400;\">Epost: <\/span><a href=\"mailto:peter@parnes.com\"><span style=\"font-weight: 400;\">peter@parnes.com<\/span> <\/a><\/p>\n<p>LinkedIn:\u00a0<a href=\"https:\/\/www.linkedin.com\/in\/peterparnes\/\">https:\/\/www.linkedin.com\/in\/peterparnes\/<\/a><\/p>\n<p><span style=\"font-weight: 400;\">Google Plus: <\/span><a href=\"https:\/\/plus.google.com\/+PeterParnes\"><span style=\"font-weight: 400;\">http:\/\/plus.google.com\/+PeterParnes<\/span><\/a><\/p>\n<p><span style=\"font-weight: 400;\">Telefon: 070-2392995<\/span><\/p>\n<p><span style=\"font-weight: 400;\">Facebook: <\/span><a href=\"http:\/\/www.facebook.com\/peterparnes\"><span style=\"font-weight: 400;\">http:\/\/www.facebook.com\/peterparnes<\/span> <\/a><\/p>\n<p><span style=\"font-weight: 400;\">Twitter: <\/span><a href=\"https:\/\/twitter.com\/peterparnes\"><span style=\"font-weight: 400;\">@peterparnes<\/span><\/a><\/p>\n<p><i><span style=\"font-weight: 400;\">Peters drivkraft \u00e4r att g\u00f6ra nytta i samh\u00e4llet med sin forskning och privat. <\/span><\/i><\/p>\n","protected":false},"excerpt":{"rendered":"<p>Professor Peter Parnes, PhD &#8211; Parnes Labs AB Peter Parnes. Kreativ motor, professor, entrepren\u00f6r, programmerare, f\u00f6rel\u00e4sare, utredare och konsult. Peter Parnes \u00e4r professor sedan 2010 vid Lule\u00e5 tekniska universitet inom omr\u00e5det Distribuerade datorsystem och arbetar med forskning runt IT i skolan samt nya interaktionsformer med datorer. Peter \u00e4r en professor med intresse f\u00f6r ny teknik &hellip; <a href=\"https:\/\/www.parnes.com\/blog\/index.php\/peter-parnes\/\" class=\"more-link\">Continue reading <span class=\"screen-reader-text\">Peter Parnes<\/span> <span class=\"meta-nav\">&rarr;<\/span><\/a><\/p>\n","protected":false},"author":1,"featured_media":0,"parent":0,"menu_order":0,"comment_status":"closed","ping_status":"closed","template":"","meta":{"footnotes":""},"class_list":["post-3967","page","type-page","status-publish","hentry"],"_links":{"self":[{"href":"https:\/\/www.parnes.com\/blog\/index.php\/wp-json\/wp\/v2\/pages\/3967","targetHints":{"allow":["GET"]}}],"collection":[{"href":"https:\/\/www.parnes.com\/blog\/index.php\/wp-json\/wp\/v2\/pages"}],"about":[{"href":"https:\/\/www.parnes.com\/blog\/index.php\/wp-json\/wp\/v2\/types\/page"}],"author":[{"embeddable":true,"href":"https:\/\/www.parnes.com\/blog\/index.php\/wp-json\/wp\/v2\/users\/1"}],"replies":[{"embeddable":true,"href":"https:\/\/www.parnes.com\/blog\/index.php\/wp-json\/wp\/v2\/comments?post=3967"}],"version-history":[{"count":2,"href":"https:\/\/www.parnes.com\/blog\/index.php\/wp-json\/wp\/v2\/pages\/3967\/revisions"}],"predecessor-version":[{"id":3970,"href":"https:\/\/www.parnes.com\/blog\/index.php\/wp-json\/wp\/v2\/pages\/3967\/revisions\/3970"}],"wp:attachment":[{"href":"https:\/\/www.parnes.com\/blog\/index.php\/wp-json\/wp\/v2\/media?parent=3967"}],"curies":[{"name":"wp","href":"https:\/\/api.w.org\/{rel}","templated":true}]}}